{"id":62,"date":"2026-01-26T09:38:47","date_gmt":"2026-01-26T09:38:47","guid":{"rendered":"https:\/\/moncyclemeschoix.com\/?page_id=62"},"modified":"2026-01-28T13:02:52","modified_gmt":"2026-01-28T13:02:52","slug":"accueil","status":"publish","type":"page","link":"https:\/\/moncyclemeschoix.com\/","title":{"rendered":"Accueil"},"content":{"rendered":"\n<div class=\"wp-block-media-text alignfull is-stacked-on-mobile has-background\" style=\"background-color:#ebdfed;padding-top:0;padding-bottom:0;grid-template-columns:31% auto\"><figure class=\"wp-block-media-text__media\"><img loading=\"lazy\" decoding=\"async\" width=\"683\" height=\"1024\" src=\"https:\/\/moncyclemeschoix.com\/wp-content\/uploads\/2026\/01\/logo-McMc-683x1024.png\" alt=\"\" class=\"wp-image-102 size-full\" srcset=\"https:\/\/moncyclemeschoix.com\/wp-content\/uploads\/2026\/01\/logo-McMc-683x1024.png 683w, https:\/\/moncyclemeschoix.com\/wp-content\/uploads\/2026\/01\/logo-McMc-200x300.png 200w, https:\/\/moncyclemeschoix.com\/wp-content\/uploads\/2026\/01\/logo-McMc-768x1152.png 768w, https:\/\/moncyclemeschoix.com\/wp-content\/uploads\/2026\/01\/logo-McMc.png 1024w\" sizes=\"auto, (max-width: 683px) 100vw, 683px\" \/><\/figure><div class=\"wp-block-media-text__content\">\n<p class=\"has-text-align-center has-text-color has-link-color has-poppins-font-family has-xx-large-font-size wp-elements-4476536e12b8f2d17f81b73ead26fb0c\" style=\"color:#5e37b7\">Accompagner les jeunes filles : cycle f\u00e9minin, fertilit\u00e9 et contraception<\/p>\n<\/div><\/div>\n\n\n\n<section class=\"wp-block-group alignfull has-text-color has-background has-global-padding is-layout-constrained wp-container-core-group-is-layout-5e70687f wp-block-group-is-layout-constrained\" style=\"color:#212121;background-color:#eff9ff;margin-top:0rem;padding-right:1rem;padding-left:1rem;font-size:clamp(0.875rem, 0.875rem + ((1vw - 0.2rem) * 0.425), 1.13rem);font-style:normal;font-weight:400;line-height:1.5\">\n<div class=\"wp-block-group has-global-padding is-layout-constrained wp-container-core-group-is-layout-c328c1cf wp-block-group-is-layout-constrained\" style=\"padding-top:5.01rem;padding-bottom:4.01rem\">\n<div class=\"wp-block-columns is-not-stacked-on-mobile is-layout-flex wp-container-core-columns-is-layout-713970fd wp-block-columns-is-layout-flex\">\n<div class=\"wp-block-column has-global-padding is-layout-constrained wp-container-core-column-is-layout-c6e25a76 wp-block-column-is-layout-constrained\" style=\"border-right-color:#7b90bd;border-right-width:2px;padding-right:1rem;padding-left:1rem\">\n<h6 class=\"wp-block-heading has-text-align-center has-text-color\" style=\"color:#07277c;margin-bottom:0.51rem;font-size:clamp(1.517rem, 1.517rem + ((1vw - 0.2rem) * 1.688), 2.53rem);font-style:normal;font-weight:600;line-height:1.3;text-transform:capitalize\">1.<\/h6>\n\n\n\n<p class=\"has-text-align-center has-text-color\" style=\"color:#212121;margin-top:0px;margin-bottom:1.77rem;font-size:clamp(0.875rem, 0.875rem + ((1vw - 0.2rem) * 0.058), 0.91rem);font-style:normal;font-weight:500;line-height:1.5\">Des sources fiables pour des informations de sant\u00e9 claires et pr\u00e9cises.<\/p>\n<\/div>\n\n\n\n<div class=\"wp-block-column has-global-padding is-layout-constrained wp-container-core-column-is-layout-c6e25a76 wp-block-column-is-layout-constrained\" style=\"border-right-color:#7b90bd;border-right-width:2px;padding-right:1rem;padding-left:1rem\">\n<h6 class=\"wp-block-heading has-text-align-center has-text-color\" style=\"color:#07277c;margin-bottom:0.51rem;font-size:clamp(1.517rem, 1.517rem + ((1vw - 0.2rem) * 1.688), 2.53rem);font-style:normal;font-weight:600;line-height:1.3;text-transform:capitalize\">2.<\/h6>\n\n\n\n<p class=\"has-text-align-center has-text-color\" style=\"color:#212121;margin-top:0px;margin-bottom:1.77rem;font-size:clamp(0.875rem, 0.875rem + ((1vw - 0.2rem) * 0.058), 0.91rem);font-style:normal;font-weight:500;line-height:1.5\">Une approche respectueuse et sans jugement<\/p>\n<\/div>\n\n\n\n<div class=\"wp-block-column has-global-padding is-layout-constrained wp-container-core-column-is-layout-c6e25a76 wp-block-column-is-layout-constrained\" style=\"padding-right:1rem;padding-left:1rem\">\n<h6 class=\"wp-block-heading has-text-align-center has-text-color\" style=\"color:#07277c;margin-bottom:0.51rem;font-size:clamp(1.517rem, 1.517rem + ((1vw - 0.2rem) * 1.688), 2.53rem);font-style:normal;font-weight:600;line-height:1.3;text-transform:capitalize\">3.<\/h6>\n\n\n\n<p class=\"has-text-align-center has-text-color\" style=\"color:#212121;margin-top:0px;margin-bottom:1.77rem;font-size:clamp(0.875rem, 0.875rem + ((1vw - 0.2rem) * 0.058), 0.91rem);font-style:normal;font-weight:500;line-height:1.5\">Un accompagnement pens\u00e9 pour les jeunes filles et leurs parents \/ adultes de confiance<\/p>\n<\/div>\n<\/div>\n<\/div>\n<\/section>\n\n\n\n<div class=\"wp-block-group alignfull has-global-padding is-layout-constrained wp-container-core-group-is-layout-1257c590 wp-block-group-is-layout-constrained\" style=\"margin-top:0;margin-bottom:0;padding-top:5.51rem;padding-right:1rem;padding-bottom:3rem;padding-left:1rem\">\n<div class=\"wp-block-group alignwide has-global-padding is-layout-constrained wp-block-group-is-layout-constrained\" style=\"padding-bottom:1rem\">\n<h2 class=\"wp-block-heading has-text-align-center has-text-color\" style=\"color:#07277c;font-size:clamp(1.556rem, 1.556rem + ((1vw - 0.2rem) * 1.757), 2.61rem);font-style:normal;font-weight:600;line-height:1.5;text-transform:capitalize\">Les ressources<\/h2>\n<\/div>\n\n\n\n<div class=\"wp-block-group alignwide has-global-padding is-layout-constrained wp-container-core-group-is-layout-1cf432e6 wp-block-group-is-layout-constrained\" style=\"margin-top:1.01rem\">\n<div class=\"wp-block-columns alignwide is-layout-flex wp-container-core-columns-is-layout-85231905 wp-block-columns-is-layout-flex\">\n<div class=\"wp-block-column has-global-padding is-content-justification-center is-layout-constrained wp-container-core-column-is-layout-412b4476 wp-block-column-is-layout-constrained\" style=\"padding-bottom:2rem\">\n<div class=\"wp-block-group has-global-padding is-layout-constrained wp-container-core-group-is-layout-668d2085 wp-block-group-is-layout-constrained\">\n<figure class=\"wp-block-image aligncenter size-full is-resized\"><img loading=\"lazy\" decoding=\"async\" width=\"1024\" height=\"1024\" src=\"https:\/\/moncyclemeschoix.com\/wp-content\/uploads\/2026\/01\/education-ste-fem.png\" alt=\"\" class=\"wp-image-76\" style=\"width:290px\" srcset=\"https:\/\/moncyclemeschoix.com\/wp-content\/uploads\/2026\/01\/education-ste-fem.png 1024w, https:\/\/moncyclemeschoix.com\/wp-content\/uploads\/2026\/01\/education-ste-fem-300x300.png 300w, https:\/\/moncyclemeschoix.com\/wp-content\/uploads\/2026\/01\/education-ste-fem-150x150.png 150w, https:\/\/moncyclemeschoix.com\/wp-content\/uploads\/2026\/01\/education-ste-fem-768x768.png 768w\" sizes=\"auto, (max-width: 1024px) 100vw, 1024px\" \/><\/figure>\n\n\n\n<h5 class=\"wp-block-heading has-text-align-center has-text-color\" style=\"color:#07277c;font-size:clamp(1.044rem, 1.044rem + ((1vw - 0.2rem) * 0.943), 1.61rem);font-style:normal;font-weight:600;line-height:1.4;text-transform:capitalize\">Education \u00e0 la sant\u00e9 f\u00e9minine<\/h5>\n<\/div>\n\n\n\n<div class=\"wp-block-group has-global-padding is-layout-constrained wp-container-core-group-is-layout-4f9f0532 wp-block-group-is-layout-constrained\">\n<p class=\"has-text-align-center has-text-color\" style=\"color:#252525;margin-top:0rem;font-size:clamp(0.875rem, 0.875rem + ((1vw - 0.2rem) * 0.058), 0.91rem);font-style:normal;font-weight:400;line-height:1.5\">Des articles sur le cycle menstruel, la pubert\u00e9 et le bien-\u00eatre, con\u00e7ues pour les filles et leurs familles.<\/p>\n<\/div>\n<\/div>\n\n\n\n<div class=\"wp-block-column has-global-padding is-layout-constrained wp-container-core-column-is-layout-a3af4fe5 wp-block-column-is-layout-constrained\" style=\"padding-bottom:2rem\">\n<div class=\"wp-block-group has-global-padding is-layout-constrained wp-container-core-group-is-layout-668d2085 wp-block-group-is-layout-constrained\">\n<figure class=\"wp-block-image aligncenter size-full is-resized\"><img loading=\"lazy\" decoding=\"async\" width=\"1024\" height=\"1024\" src=\"https:\/\/moncyclemeschoix.com\/wp-content\/uploads\/2026\/01\/info-contrac-1.png\" alt=\"\" class=\"wp-image-82\" style=\"width:290px\" srcset=\"https:\/\/moncyclemeschoix.com\/wp-content\/uploads\/2026\/01\/info-contrac-1.png 1024w, https:\/\/moncyclemeschoix.com\/wp-content\/uploads\/2026\/01\/info-contrac-1-300x300.png 300w, https:\/\/moncyclemeschoix.com\/wp-content\/uploads\/2026\/01\/info-contrac-1-150x150.png 150w, https:\/\/moncyclemeschoix.com\/wp-content\/uploads\/2026\/01\/info-contrac-1-768x768.png 768w\" sizes=\"auto, (max-width: 1024px) 100vw, 1024px\" \/><\/figure>\n\n\n\n<h5 class=\"wp-block-heading has-text-align-center has-text-color\" style=\"color:#07277c;font-size:clamp(1.044rem, 1.044rem + ((1vw - 0.2rem) * 0.943), 1.61rem);font-style:normal;font-weight:600;line-height:1.4;text-transform:capitalize\">Informations sur la contraception<\/h5>\n<\/div>\n\n\n\n<div class=\"wp-block-group has-global-padding is-layout-constrained wp-container-core-group-is-layout-4f9f0532 wp-block-group-is-layout-constrained\">\n<p class=\"has-text-align-center has-text-color\" style=\"color:#252525;margin-top:0rem;font-size:clamp(0.875rem, 0.875rem + ((1vw - 0.2rem) * 0.058), 0.91rem);font-style:normal;font-weight:400;line-height:1.5\">Des informations claires sur les options de contraception pour permettre des choix \u00e9clair\u00e9s et une meilleure sant\u00e9.<\/p>\n<\/div>\n<\/div>\n\n\n\n<div class=\"wp-block-column has-global-padding is-content-justification-center is-layout-constrained wp-container-core-column-is-layout-412b4476 wp-block-column-is-layout-constrained\" style=\"padding-bottom:2rem\">\n<div class=\"wp-block-group has-global-padding is-layout-constrained wp-container-core-group-is-layout-668d2085 wp-block-group-is-layout-constrained\">\n<figure class=\"wp-block-image aligncenter size-full is-resized\"><img loading=\"lazy\" decoding=\"async\" width=\"1024\" height=\"1024\" src=\"https:\/\/moncyclemeschoix.com\/wp-content\/uploads\/2026\/01\/soutien-ste-gyn-1.png\" alt=\"\" class=\"wp-image-81\" style=\"width:290px\" srcset=\"https:\/\/moncyclemeschoix.com\/wp-content\/uploads\/2026\/01\/soutien-ste-gyn-1.png 1024w, https:\/\/moncyclemeschoix.com\/wp-content\/uploads\/2026\/01\/soutien-ste-gyn-1-300x300.png 300w, https:\/\/moncyclemeschoix.com\/wp-content\/uploads\/2026\/01\/soutien-ste-gyn-1-150x150.png 150w, https:\/\/moncyclemeschoix.com\/wp-content\/uploads\/2026\/01\/soutien-ste-gyn-1-768x768.png 768w\" sizes=\"auto, (max-width: 1024px) 100vw, 1024px\" \/><\/figure>\n\n\n\n<h5 class=\"wp-block-heading has-text-align-center has-text-color\" style=\"color:#07277c;font-size:clamp(1.044rem, 1.044rem + ((1vw - 0.2rem) * 0.943), 1.61rem);font-style:normal;font-weight:600;line-height:1.4;text-transform:capitalize\">Soutien \u00e0 la sant\u00e9 gyn\u00e9cologique<\/h5>\n<\/div>\n\n\n\n<div class=\"wp-block-group has-global-padding is-layout-constrained wp-container-core-group-is-layout-4f9f0532 wp-block-group-is-layout-constrained\">\n<p class=\"has-text-align-center has-text-color\" style=\"color:#252525;margin-top:0rem;font-size:clamp(0.875rem, 0.875rem + ((1vw - 0.2rem) * 0.058), 0.91rem);font-style:normal;font-weight:400;line-height:1.5\">Des ressources pour comprendre la sant\u00e9 gyn\u00e9cologique et savoir quand consulter un professionnel.<\/p>\n<\/div>\n<\/div>\n<\/div>\n<\/div>\n<\/div>\n\n\n\n<section class=\"wp-block-group alignfull has-text-color has-background has-global-padding is-layout-constrained wp-container-core-group-is-layout-38ad39fd wp-block-group-is-layout-constrained\" style=\"color:#03081e;background-color:#eff9ff;margin-top:0px;padding-top:5.01rem;padding-right:1rem;padding-bottom:5.5rem;padding-left:1rem;font-size:clamp(0.875rem, 0.875rem + ((1vw - 0.2rem) * 0.425), 1.13rem);font-style:normal;font-weight:400;line-height:1.4\">\n<div class=\"wp-block-columns is-layout-flex wp-container-core-columns-is-layout-db2df21c wp-block-columns-is-layout-flex\" style=\"margin-bottom:0px\">\n<div class=\"wp-block-column has-global-padding is-content-justification-left is-layout-constrained wp-container-core-column-is-layout-12dd3699 wp-block-column-is-layout-constrained\" style=\"flex-basis:45%\">\n<figure class=\"wp-block-image aligncenter size-full is-style-rounded is-style-rounded--1\"><img loading=\"lazy\" decoding=\"async\" width=\"1024\" height=\"1536\" src=\"https:\/\/moncyclemeschoix.com\/wp-content\/uploads\/2026\/01\/valeurs-McMc.jpeg\" alt=\"\" class=\"wp-image-84\" srcset=\"https:\/\/moncyclemeschoix.com\/wp-content\/uploads\/2026\/01\/valeurs-McMc.jpeg 1024w, https:\/\/moncyclemeschoix.com\/wp-content\/uploads\/2026\/01\/valeurs-McMc-200x300.jpeg 200w, https:\/\/moncyclemeschoix.com\/wp-content\/uploads\/2026\/01\/valeurs-McMc-683x1024.jpeg 683w, https:\/\/moncyclemeschoix.com\/wp-content\/uploads\/2026\/01\/valeurs-McMc-768x1152.jpeg 768w\" sizes=\"auto, (max-width: 1024px) 100vw, 1024px\" \/><\/figure>\n<\/div>\n\n\n\n<div class=\"wp-block-column is-layout-flow wp-block-column-is-layout-flow\">\n<div class=\"wp-block-group is-vertical is-content-justification-left is-layout-flex wp-container-core-group-is-layout-c5d44cae wp-block-group-is-layout-flex\" style=\"min-height:100%\">\n<div class=\"wp-block-group has-global-padding is-content-justification-center is-layout-constrained wp-container-core-group-is-layout-b15c80d6 wp-block-group-is-layout-constrained\">\n<h3 class=\"wp-block-heading has-text-align-left has-text-color\" style=\"color:#07277c;margin-top:0.5rem;margin-bottom:1.01rem;font-size:clamp(1.556rem, 1.556rem + ((1vw - 0.2rem) * 1.757), 2.61rem);font-style:normal;font-weight:500;letter-spacing:0px;line-height:1.3;text-transform:capitalize\">Nos valeurs fondamentales<\/h3>\n\n\n\n<p class=\"has-text-align-left has-text-color\" style=\"color:#03081e;margin-top:0rem;font-size:clamp(0.875rem, 0.875rem + ((1vw - 0.2rem) * 0.558), 1.21rem);font-style:normal;font-weight:400;line-height:1.6\">Chez <em>Mon Cycle, Mes Choix<\/em>, nous croyons en l\u2019autonomisation des jeunes filles par une \u00e9ducation \u00e0 la sant\u00e9 fiable, accessible et fond\u00e9e sur des donn\u00e9es v\u00e9rifiables.<\/p>\n\n\n\n<p class=\"has-text-align-left has-text-color\" style=\"color:#03081e;margin-top:0rem;font-size:clamp(0.875rem, 0.875rem + ((1vw - 0.2rem) * 0.558), 1.21rem);font-style:normal;font-weight:400;line-height:1.6\">Nos valeurs reposent sur le respect, l\u2019inclusion et le soutien. Nous proposons des informations claires et sans jugement, afin de favoriser un dialogue ouvert autour de la sant\u00e9 reproductive et d\u2019aider chacune \u00e0 faire des choix \u00e9clair\u00e9s, adapt\u00e9s \u00e0 son histoire et \u00e0 son avenir.<\/p>\n\n\n\n<div class=\"wp-block-group has-global-padding is-content-justification-left is-layout-constrained wp-container-core-group-is-layout-30c9064c wp-block-group-is-layout-constrained\" style=\"margin-top:0px\">\n<div class=\"wp-block-buttons is-horizontal is-content-justification-space-between is-layout-flex wp-container-core-buttons-is-layout-007c5cdb wp-block-buttons-is-layout-flex\" style=\"margin-top:2.51rem\">\n<div class=\"wp-block-button has-custom-width wp-block-button__width-100 is-style-fill\"><a class=\"wp-block-button__link has-text-color has-background has-border-color has-text-align-center has-custom-font-size wp-element-button\" href=\"https:\/\/moncyclemeschoix.com\/index.php\/contact-2\/\" style=\"border-color:#041d55;border-style:solid;border-width:1px;border-radius:2.5rem;color:#07277c;background-color:#ffffff;padding-top:1.1rem;padding-right:0.81rem;padding-bottom:1.1rem;padding-left:0.81rem;font-size:clamp(0.875rem, 0.875rem + ((1vw - 0.2rem) * 0.558), 1.21rem);font-style:normal;font-weight:400;line-height:1;text-transform:capitalize\">Rejoignez-nous<\/a><\/div>\n<\/div>\n<\/div>\n<\/div>\n<\/div>\n<\/div>\n<\/div>\n<\/section>\n\n\n\n<section class=\"wp-block-group alignfull has-text-color has-global-padding is-layout-constrained wp-container-core-group-is-layout-5e70687f wp-block-group-is-layout-constrained\" style=\"color:#3e3e3e;margin-top:0rem;padding-right:1rem;padding-left:1rem;font-size:clamp(0.875rem, 0.875rem + ((1vw - 0.2rem) * 0.425), 1.13rem);font-style:normal;font-weight:400;line-height:1.5\">\n<div class=\"wp-block-group has-global-padding is-layout-constrained wp-container-core-group-is-layout-a2b288bf wp-block-group-is-layout-constrained\" style=\"padding-top:7.01rem;padding-bottom:7.01rem\">\n<h2 class=\"wp-block-heading has-text-align-center has-text-color\" style=\"color:#07277c;margin-bottom:3.01rem;font-size:clamp(1.605rem, 1.605rem + ((1vw - 0.2rem) * 1.842), 2.71rem);font-style:normal;font-weight:500;line-height:1.3;text-transform:capitalize\">Des situations fr\u00e9quentes&#8230;<\/h2>\n\n\n\n<div class=\"wp-block-columns is-layout-flex wp-container-core-columns-is-layout-85231905 wp-block-columns-is-layout-flex\">\n<div class=\"wp-block-column has-global-padding is-layout-constrained wp-container-core-column-is-layout-29cfd2c5 wp-block-column-is-layout-constrained\">\n<div class=\"wp-block-group is-vertical is-content-justification-center is-layout-flex wp-container-core-group-is-layout-4044f25c wp-block-group-is-layout-flex\" style=\"min-height:177px\">\n<h6 class=\"wp-block-heading has-text-align-center has-text-color\" style=\"color:#212121;margin-bottom:2rem;font-size:clamp(0.875rem, 0.875rem + ((1vw - 0.2rem) * 0.625), 1.25rem);font-style:normal;font-weight:400;line-height:1.55;text-transform:none\"><strong>Comprendre ce que je ressens<\/strong><br><\/h6>\n\n\n\n<p class=\"has-text-align-center\">Je vis des changements dans mon corps et mes \u00e9motions, mais je ne sais pas toujours si ce que je ressens est normal ni \u00e0 quoi c\u2019est li\u00e9.<\/p>\n<\/div>\n<\/div>\n\n\n\n<div class=\"wp-block-column has-global-padding is-layout-constrained wp-container-core-column-is-layout-29cfd2c5 wp-block-column-is-layout-constrained\">\n<div class=\"wp-block-group is-vertical is-content-justification-center is-layout-flex wp-container-core-group-is-layout-2fb0886f wp-block-group-is-layout-flex\" style=\"min-height:177px\">\n<h6 class=\"wp-block-heading has-text-align-center has-text-color\" style=\"color:#212121;margin-bottom:2rem;font-size:clamp(0.875rem, 0.875rem + ((1vw - 0.2rem) * 0.625), 1.25rem);font-style:normal;font-weight:400;line-height:1.55;text-transform:none\"><strong>Accompagner sans me tromper<\/strong><br><\/h6>\n\n\n\n<p class=\"has-text-align-center\">Ma fille grandit et je souhaite l\u2019aider \u00e0 comprendre son corps, la pubert\u00e9 et la contraception, sans minimiser ses questions ni lui transmettre de fausses informations.<\/p>\n<\/div>\n<\/div>\n\n\n\n<div class=\"wp-block-column has-global-padding is-layout-constrained wp-container-core-column-is-layout-29cfd2c5 wp-block-column-is-layout-constrained\">\n<div class=\"wp-block-group is-vertical is-content-justification-center is-layout-flex wp-container-core-group-is-layout-2fb0886f wp-block-group-is-layout-flex\" style=\"min-height:177px\">\n<h6 class=\"wp-block-heading has-text-align-center has-text-color\" style=\"color:#212121;margin-bottom:2rem;font-size:clamp(0.875rem, 0.875rem + ((1vw - 0.2rem) * 0.625), 1.25rem);font-style:normal;font-weight:400;line-height:1.55;text-transform:none\"><strong>Faire des choix \u00e9clair\u00e9s<\/strong><br><\/h6>\n\n\n\n<p class=\"has-text-align-center\">Je cherche des informations claires et fiables pour comprendre les diff\u00e9rentes options en mati\u00e8re de contraception et de sant\u00e9 reproductive, aujourd\u2019hui et pour l\u2019avenir.<\/p>\n<\/div>\n<\/div>\n<\/div>\n<\/div>\n<\/section>\n\n\n\n<section class=\"wp-block-cover alignfull is-light\" style=\"margin-top:0px;padding-bottom:12.51rem;min-height:650px;aspect-ratio:unset;\"><img loading=\"lazy\" decoding=\"async\" width=\"1024\" height=\"683\" class=\"wp-block-cover__image-background wp-image-86 size-large\" alt=\"\" src=\"https:\/\/moncyclemeschoix.com\/wp-content\/uploads\/2026\/01\/fond-McMc-1024x683.jpeg\" data-object-fit=\"cover\" srcset=\"https:\/\/moncyclemeschoix.com\/wp-content\/uploads\/2026\/01\/fond-McMc-1024x683.jpeg 1024w, https:\/\/moncyclemeschoix.com\/wp-content\/uploads\/2026\/01\/fond-McMc-300x200.jpeg 300w, https:\/\/moncyclemeschoix.com\/wp-content\/uploads\/2026\/01\/fond-McMc-768x512.jpeg 768w, https:\/\/moncyclemeschoix.com\/wp-content\/uploads\/2026\/01\/fond-McMc.jpeg 1536w\" sizes=\"auto, (max-width: 1024px) 100vw, 1024px\" \/><span aria-hidden=\"true\" class=\"wp-block-cover__background has-background-dim-0 has-background-dim\" style=\"background-color:#f3ebf9\"><\/span><div class=\"wp-block-cover__inner-container has-global-padding is-layout-constrained wp-container-core-cover-is-layout-19e6744e wp-block-cover-is-layout-constrained\">\n<div class=\"wp-block-group alignfull has-text-color has-global-padding is-layout-constrained wp-container-core-group-is-layout-6f61d7e7 wp-block-group-is-layout-constrained\" style=\"color:#252525;margin-top:0px;padding-top:0rem;padding-right:1rem;padding-bottom:0rem;padding-left:1rem;font-size:clamp(0.875rem, 0.875rem + ((1vw - 0.2rem) * 0.425), 1.13rem);font-style:normal;font-weight:400;line-height:1.4\">\n<div class=\"wp-block-group is-vertical is-content-justification-center is-layout-flex wp-container-core-group-is-layout-b6c1f246 wp-block-group-is-layout-flex\">\n<div class=\"wp-block-group has-global-padding is-layout-constrained wp-container-core-group-is-layout-a099c240 wp-block-group-is-layout-constrained\">\n<h2 class=\"wp-block-heading has-text-align-center has-text-color\" style=\"color:#07277c;margin-bottom:1.11rem;font-size:clamp(1.556rem, 1.556rem + ((1vw - 0.2rem) * 1.757), 2.61rem);font-style:normal;font-weight:500;line-height:1.2;text-transform:capitalize\">Nous contacter<\/h2>\n\n\n\n<p class=\"has-text-align-center has-text-color\" style=\"color:#03081e;margin-top:0rem;font-size:clamp(0.875rem, 0.875rem + ((1vw - 0.2rem) * 0.392), 1.11rem);font-style:normal;font-weight:400;line-height:1.6\">Vous avez des questions ou besoin d&#8217;aide&nbsp;?<\/p>\n\n\n\n<p class=\"has-text-align-center has-text-color\" style=\"color:#03081e;margin-top:0rem;font-size:clamp(0.875rem, 0.875rem + ((1vw - 0.2rem) * 0.392), 1.11rem);font-style:normal;font-weight:400;line-height:1.6\">Nous sommes l\u00e0 pour vous accompagner \u00e0 chaque \u00e9tape&nbsp;! Contactez-nous d\u00e8s aujourd&#8217;hui&nbsp;!<\/p>\n\n\n\n<div class=\"wp-block-group is-vertical is-content-justification-stretch is-layout-flex wp-container-core-group-is-layout-be82aac6 wp-block-group-is-layout-flex\" style=\"margin-top:0rem;padding-right:0px;padding-left:0px\">\n<div class=\"wp-block-group has-global-padding is-content-justification-center is-layout-constrained wp-container-core-group-is-layout-0638dde4 wp-block-group-is-layout-constrained\" style=\"margin-top:0px\">\n<div class=\"wp-block-buttons is-horizontal is-content-justification-right is-layout-flex wp-container-core-buttons-is-layout-1b0e492f wp-block-buttons-is-layout-flex\" style=\"margin-top:2.21rem\">\n<div class=\"wp-block-button has-custom-width wp-block-button__width-100 is-style-fill\"><a class=\"wp-block-button__link has-text-color has-background has-border-color has-custom-font-size wp-element-button\" href=\"https:\/\/moncyclemeschoix.com\/index.php\/contact-2\/\" style=\"border-color:#041d55;border-style:solid;border-width:1px;border-radius:2.5rem;color:#07277c;background-color:#d5bdf0;padding-top:1.1rem;padding-right:0.81rem;padding-bottom:1.1rem;padding-left:0.81rem;font-size:clamp(0.875rem, 0.875rem + ((1vw - 0.2rem) * 0.558), 1.21rem);font-style:normal;font-weight:400;line-height:1;text-transform:capitalize\">Contact<\/a><\/div>\n<\/div>\n<\/div>\n<\/div>\n<\/div>\n<\/div>\n<\/div>\n<\/div><\/section>\n\n\n\n<p><\/p>\n","protected":false},"excerpt":{"rendered":"<p>Accompagner les jeunes filles : cycle f\u00e9minin, fertilit\u00e9 et contraception 1. Des sources fiables pour des informations de sant\u00e9 claires et pr\u00e9cises. 2. Une approche respectueuse et sans jugement 3. Un accompagnement pens\u00e9 pour les jeunes filles et leurs parents \/ adultes de confiance Les ressources Education \u00e0 la sant\u00e9 f\u00e9minine Des articles sur le [&hellip;]<\/p>\n","protected":false},"author":1,"featured_media":0,"parent":0,"menu_order":0,"comment_status":"closed","ping_status":"closed","template":"","meta":{"footnotes":""},"class_list":["post-62","page","type-page","status-publish","hentry"],"_links":{"self":[{"href":"https:\/\/moncyclemeschoix.com\/index.php\/wp-json\/wp\/v2\/pages\/62","targetHints":{"allow":["GET"]}}],"collection":[{"href":"https:\/\/moncyclemeschoix.com\/index.php\/wp-json\/wp\/v2\/pages"}],"about":[{"href":"https:\/\/moncyclemeschoix.com\/index.php\/wp-json\/wp\/v2\/types\/page"}],"author":[{"embeddable":true,"href":"https:\/\/moncyclemeschoix.com\/index.php\/wp-json\/wp\/v2\/users\/1"}],"replies":[{"embeddable":true,"href":"https:\/\/moncyclemeschoix.com\/index.php\/wp-json\/wp\/v2\/comments?post=62"}],"version-history":[{"count":31,"href":"https:\/\/moncyclemeschoix.com\/index.php\/wp-json\/wp\/v2\/pages\/62\/revisions"}],"predecessor-version":[{"id":183,"href":"https:\/\/moncyclemeschoix.com\/index.php\/wp-json\/wp\/v2\/pages\/62\/revisions\/183"}],"wp:attachment":[{"href":"https:\/\/moncyclemeschoix.com\/index.php\/wp-json\/wp\/v2\/media?parent=62"}],"curies":[{"name":"wp","href":"https:\/\/api.w.org\/{rel}","templated":true}]}}